 Give p(-40).
-57
Let k(p) = -p**3 - 62*p**2 + 109*p - 1222. Determine k(-64).
-6
Let z(l) = -1111*l + 40. What is z(0)?
40
Let k(x) = -2*x + 19. Give k(-7).
33
Let v(j) = -j**3 + 44*j**2 + 93*j - 9. Calculate v(46).
37
Let j(m) = m**3 - 9*m**2 - 5*m + 17. Determine j(4).
-83
Let k(f) = 16*f + 208. Determine k(-11).
32
Let k(w) = w**3 + 16*w**2 + 37*w - 9. Give k(-13).
17
Let w(r) = -50*r + 29. What is w(-15)?
779
Let f(x) = -3*x**3 + 49*x**2 + 68*x - 578. Calculate f(17).
0
Let v(r) = r**2 + 91*r + 260. Give v(-88).
-4
Let j(d) = d**2 - 134*d + 1785. Determine j(119).
0
Let p(m) = 27*m - 690. Calculate p(26).
12
Let z(r) = 6*r - 959. Determine z(159).
-5
Let p(b) = -4*b**2 + 299*b + 2748. Calculate p(83).
9
Let c(w) = 10*w**3 + 58*w**2 - 4*w + 7. Give c(-6).
-41
Let o(s) = 19*s**3 + s**2 - 33*s - 29. Determine o(-1).
-14
Let h(p) = -10*p - 22. Calculate h(7).
-92
Let f(o) = o**2 - 76*o - 462. Calculate f(-6).
30
Let s(g) = -6*g**3 - 15*g**2 - 14*g + 1. Calculate s(-1).
6
Let r(y) = -11*y**3 - 4*y**2 + 4*y + 1. Determine r(2).
-95
Let n(d) = -23*d**2 + 186*d - 288. What is n(6)?
0
Let n(m) = 9*m + 129. Determine n(20).
309
Let b(d) = d**2 - 14*d - 391. Calculate b(27).
-40
Let t(h) = -3*h**2 + 15*h - 16. Give t(11).
-214
Let d(w) = -8*w**2 - 36*w + 26. Calculate d(-5).
6
Let w(p) = 16*p - 567. Determine w(35).
-7
Let i(r) = r**3 + 165*r**2 - 494*r + 1715. Give i(-168).
35
Let c(d) = -2*d**2 + 291*d - 578. What is c(2)?
-4
Let a(k) = -2*k**3 + 13*k**2 + 16*k + 53. What is a(8)?
-11
Let w(k) = 203*k - 4051. Give w(20).
9
Let t(g) = -g**3 - 12*g**2 - 157*g - 1608. Give t(-11).
-2
Let w(s) = 4*s**2 + 255*s - 287. Determine w(-65).
38
Let b(i) = -i**3 - 41*i**2 + 158*i + 3058. Calculate b(-43).
-38
Let n(z) = 3*z**3 - z**2 - 24*z - 44. Determine n(-4).
-156
Let v(s) = 4*s**2 - 56*s + 89. Calculate v(17).
293
Let g(v) = 4*v**2 + 21*v - 99. Give g(12).
729
Let i(h) = -2*h**3 - 513*h**2 - 1277*h - 1916. Give i(-254).
-138
Let p(o) = -o**3 - 70*o**2 - 148*o - 822. Give p(-68).
-6
Let q(a) = -a**2 - 37*a - 186. Give q(-29).
46
Let v(g) = -g**2 - 104*g - 1797. Calculate v(-81).
66
Let v(k) = -18*k - 803. Calculate v(-45).
7
Let w(q) = -7*q**2 - 246*q + 3. What is w(-35)?
38
Let o(z) = z**3 + 15*z**2 - 54*z + 73. What is o(-18)?
73
Let u(y) = -232*y - 4866. Give u(-21).
6
Let x(y) = 2179*y + 17430. Give x(-8).
-2
Let k(z) = 15309*z - 275567. Calculate k(18).
-5
Let q(v) = 6*v + 3. Calculate q(-30).
-177
Let g(r) = r**2 - 17*r + 308. What is g(16)?
292
Let c(h) = -h**2 - 1094*h + 17766. Give c(16).
6
Let o(f) = -7*f**2 + 171*f - 171. Determine o(1).
-7
Let l(b) = 5*b**3 + 123*b**2 + 70*b - 23. What is l(-24)?
25
Let t(u) = -u**3 + 4*u**2 - 40*u + 214. Determine t(5).
-11
Let t(p) = -45*p**2 - 2661*p - 352. Calculate t(-59).
2
Let l(x) = -3*x**2 + 22*x + 3. Give l(0).
3
Let r(z) = -3*z**3 - 39*z**2 + 23*z - 15. Calculate r(-14).
251
Let m(s) = -7*s**3 - 129*s**2 - 47*s + 111. Give m(-18).
-15
Let p(f) = -13*f - 9. What is p(-7)?
82
Let k(d) = d**2 - 17*d - 237. Determine k(27).
33
Let q(r) = 1477*r + 4407. Give q(-3).
-24
Let a(y) = 68*y + 455. What is a(-5)?
115
Let m(o) = 9*o - 132. What is m(35)?
183
Let m(a) = 3*a**2 + 34*a - 99. Give m(6).
213
Let n(z) = -z**3 - 12*z**2 + 3*z + 165. Determine n(-11).
11
Let v(w) = -w**2 + 32*w - 245. Calculate v(20).
-5
Let m(c) = 6*c - 27. Calculate m(6).
9
Let b(m) = m**3 + 13*m**2 + 44*m + 203. Calculate b(-11).
-39
Let k(t) = -2*t**3 + 72*t**2 - 2*t + 92. Determine k(36).
20
Let c(f) = -f**2 - 123*f - 3019. Give c(-34).
7
Let c(i) = 176*i - 2125. What is c(11)?
-189
Let k(y) = y**2 - 8*y - 109. Calculate k(22).
199
Let t(v) = 146*v + 714. Calculate t(-5).
-16
Let j(v) = 2*v**3 + 10*v**2 + 40*v + 123. Calculate j(-4).
-5
Let t(m) = 3*m**3 - 19*m**2 - 26*m + 211. What is t(6)?
19
Let v(n) = n**3 + 6*n**2 - 17*n - 37. Give v(-7).
33
Let z(g) = 2*g**2 + 24*g - 369. What is z(-21)?
9
Let c(z) = z**3 - 2*z**2 + 42*z - 20. Determine c(6).
376
Let v(w) = 773*w + 14719. Give v(-19).
32
Let r(t) = -t**2 - 1214*t - 58197. Calculate r(-50).
3
Let h(g) = 1265*g - 5054. Give h(4).
6
Let p(w) = 11675*w - 105089. What is p(9)?
-14
Let v(s) = -227*s - 2950. What is v(-13)?
1
Let d(g) = -19*g - 259. Give d(-13).
-12
Let c(s) = 239*s + 5253. What is c(-22)?
-5
Let d(k) = 2*k**3 + 44*k**2 + 87*k + 11. Determine d(-2).
-3
Let y(v) = 22*v**2 - 18*v - 18. Determine y(3).
126
Let h(y) = -y**3 + 4*y**2 + 129*y - 782. Determine h(9).
-26
Let l(g) = -122*g - 1403. What is l(-12)?
61
Let h(o) = -o**3 + 44*o**2 + 196*o - 63. Determine h(48).
129
Let l(n) = 1765*n - 8838. Give l(5).
-13
Let v(t) = t**2 + 21*t + 98. Calculate v(-8).
-6
Let b(a) = 2*a**3 + 17*a**2 - 121*a - 879. Calculate b(-10).
31
Let f(y) = 645*y - 657. What is f(1)?
-12
Let s(c) = 30*c**2 + 104*c - 70. Give s(-4).
-6
Let j(a) = -8*a - 60. Give j(-12).
36
Let u(k) = -4418*k + 21. Determine u(0).
21
Let v(h) = 154*h - 17. Determine v(2).
291
Let v(w) = 2*w**3 + 33*w**2 + 44*w + 1050. Determine v(-17).
13
Let g(p) = 3*p**2 - 26*p - 127. Calculate g(13).
42
Let j(d) = -26*d - 13. Calculate j(-11).
273
Let u(v) = v**3 - 71*v**2 - 50*v + 3533. Calculate u(71).
-17
Let i(v) = -v**2 - 8125*v - 7. What is i(0)?
-7
Let u(z) = -446*z - 476. What is u(-1)?
-30
Let r(c) = 2*c**3 - 127*c**2 - 50*c - 736. Give r(64).
160
Let u(r) = -r**3 + 20*r**2 - 55*r + 26. Calculate u(17).
-42
Let c(k) = 198*k - 605. Determine c(3).
-11
Let l(v) = -323*v - 963. Determine l(-3).
6
Let s(z) = z**2 - 6*z + 3. What is s(11)?
58
Let n(s) = -s**3 - 10*s**2 + 10*s - 5. Determine n(-11).
6
Let u(i) = i**3 + 52*i**2 - 161*i + 201. Calculate u(-55).
-19
Let j(i) = 2*i**2 + 54*i - 8. Calculate j(0).
-8
Let m(h) = h**2 - 305*h + 17100. What is m(231)?
6
Let w(d) = -d**3 - 20*d**2 - 103*d - 77. Give w(-12).
7
Let k(y) = -y**3 - 8*y**2 - 2*y - 18. Determine k(-7).
-53
Let s(y) = 38*y + 717. Calculate s(-17).
71
Let b(n) = 10*n**3 - 52*n**2 + 34*n - 112. Calculate b(5).
8
Let b(x) = 114*x - 127. Give b(1).
-13
Let c(z) = -12*z**2 + 3*z + 2. Calculate c(-2).
-52
Let b(x) = 54*x - 1149. Determine b(21).
-15
Let h(c) = -2*c**3 - 41*c**2 - 85*c + 86. Give h(-18).
-4
Let d(r) = 69*r + 4551. Calculate d(-66).
-3
Let o(x) = -160*x - 7999. Calculate o(-50).
1
Let w(z) = 43*z + 224. Determine w(-6).
-34
Let i(v) = -22*v**2 - 91*v + 91. Determine i(1).
-22
Let g(m) = 2*m**3 + 61*m**2 + 88*m + 28. Determine g(-29).
-1
Let l(w) = 6*w**2 - 37*w + 222. Calculate l(5).
187
Let c(z) = -z**2 + 495*z + 25502. Give c(-47).
28
Let b(d) = -d**3 - 20*d**2 + 23*d + 45. Give b(-21).
3
Let b(q) = 9*q**2 + 31*q - 6. Calculate b(-5).
64
Let p(k) = 5*k**2 + 13*k. What is p(-6)?
102
Let u(m) = -93*m + 9483. Determine u(102).
-3
Let r(q) = 169*q - 2033. Give r(12).
-5
Let b(f) = 108*f**3 - 2*f**2 + 3*f + 1. Determine b(1).
110
Let p(b) = 2*b**2 - 1603*b + 3197. Determine p(2).
-1
Let l(f) = -f**3 - 6*f**2 + 3*f - 34. What is l(-8)?
70
Let h(o) = -2*o**2 + 114*o - 1094. Give h(12).
-14
Let r(b) = -95*b + 773. Calculate r(10).
-177
Let m(y) = -y**3 - 19*y**2 + 26*y + 788. Give m(-18).
-4
Let o(s) = -4*s**3 + 18*s**2 - 17*s + 1. Determine o(1).
-2
Let b(y) = 4*y - 248. Calculate b(60).
-8
Let g(q) = -q**3 - 4*q**2 - 2*q + 13. Give g(-4).
21
Let g(q) = -q**2 - 28*q + 71. Calculate g(-28).
71
Let z(v) = -3*v**3 - 142*v**2 - 48*v - 35. What is z(-47)?
12
Let b(l) = -l**3 - 17*l**2 + 40*l - 43. Calculate b(-18).
-439
Let z(v) = -2*v**3 - 25*v**2 - 45*v - 2. Calculate z(-2).
4
Let l(f) = 41*f - 56. Determine l(0).
-56
Let x(l) = l**3 - 168*l**2 + 2434*l - 237. What is x(152)?
67
Let u(y) = y**2 + 2*y - 27. What is u(5)?
8
Let v(s) = 9*s**2 + 33*s + 11. Give v(-5).
71
Let j(s) = s**3 - 84*s**2 + 468*s + 2. Give j(78).
2
Let v(u) = 102*u - 3674. Determine v(36).
-2
Let o(z) = -1102*z - 9919. What is o(-9)?
-1
Let v(m) = -m**3 - 3*m**2 + 44*m + 117. What is v(-7)?
5
Let i(s) = -3*s**2 + 16*s + 30. Give i(6).
18
Let i(c) = -2*c**2 - 56*c + 1274. What is i(-43)?
-16
Let l(t) = 2102*t - 10499. Give l(5).
11
Let r(c) = -70*c - 44. Calculate r(1).
-114
Let t(l) = 70*l - 122. Calculate t(6).
298
Let u(y) = 12*y - 876. What is u(74)?
12
Let d(y) = -115*y + 330. Calculate d(3).
-15
Let x(b) = 1119*b + 8931. What is x(-8)?
-21
Let t(v) = 3816*v + 30535. Give t(-